{"id":79,"date":"2023-07-27T06:48:38","date_gmt":"2023-07-27T06:48:38","guid":{"rendered":"https:\/\/oefeb2024.phwien.ac.at\/?page_id=79"},"modified":"2023-12-05T09:15:33","modified_gmt":"2023-12-05T09:15:33","slug":"impressum","status":"publish","type":"page","link":"https:\/\/oefeb2024.phwien.ac.at\/index.php\/startseite\/impressum\/","title":{"rendered":"Impressum"},"content":{"rendered":"\t\t<div data-elementor-type=\"wp-page\" data-elementor-id=\"79\" class=\"elementor elementor-79\" data-elementor-post-type=\"page\">\n\t\t\t\t\t\t\t<div class=\"elementor-element elementor-element-48301f7 e-flex e-con-boxed e-con\" data-id=\"48301f7\" data-element_type=\"container\" data-settings=\"{&quot;content_width&quot;:&quot;boxed&quot;}\">\n\t\t\t\t\t<div class=\"e-con-inner\">\n\t\t<div class=\"elementor-element elementor-element-a89a9d0 e-con-full e-flex e-con\" data-id=\"a89a9d0\" data-element_type=\"container\" data-settings=\"{&quot;content_width&quot;:&quot;full&quot;}\">\n\t\t\t\t<div class=\"elementor-element elementor-element-959e3cc elementor-widget elementor-widget-heading\" data-id=\"959e3cc\" data-element_type=\"widget\" data-widget_type=\"heading.default\">\n\t\t\t\t<div class=\"elementor-widget-container\">\n\t\t\t<style>\/*! elementor - v3.15.0 - 31-07-2023 *\/\n.elementor-heading-title{padding:0;margin:0;line-height:1}.elementor-widget-heading .elementor-heading-title[class*=elementor-size-]>a{color:inherit;font-size:inherit;line-height:inherit}.elementor-widget-heading .elementor-heading-title.elementor-size-small{font-size:15px}.elementor-widget-heading .elementor-heading-title.elementor-size-medium{font-size:19px}.elementor-widget-heading .elementor-heading-title.elementor-size-large{font-size:29px}.elementor-widget-heading .elementor-heading-title.elementor-size-xl{font-size:39px}.elementor-widget-heading .elementor-heading-title.elementor-size-xxl{font-size:59px}<\/style><h2 class=\"elementor-heading-title elementor-size-default\">Impressum<\/h2>\t\t<\/div>\n\t\t\t\t<\/div>\n\t\t\t\t<div class=\"elementor-element elementor-element-6c7811b elementor-widget elementor-widget-text-editor\" data-id=\"6c7811b\" data-element_type=\"widget\" data-widget_type=\"text-editor.default\">\n\t\t\t\t<div class=\"elementor-widget-container\">\n\t\t\t<style>\/*! elementor - v3.15.0 - 31-07-2023 *\/\n.elementor-widget-text-editor.elementor-drop-cap-view-stacked .elementor-drop-cap{background-color:#69727d;color:#fff}.elementor-widget-text-editor.elementor-drop-cap-view-framed .elementor-drop-cap{color:#69727d;border:3px solid;background-color:transparent}.elementor-widget-text-editor:not(.elementor-drop-cap-view-default) .elementor-drop-cap{margin-top:8px}.elementor-widget-text-editor:not(.elementor-drop-cap-view-default) .elementor-drop-cap-letter{width:1em;height:1em}.elementor-widget-text-editor .elementor-drop-cap{float:left;text-align:center;line-height:1;font-size:50px}.elementor-widget-text-editor .elementor-drop-cap-letter{display:inline-block}<\/style>\t\t\t\t<p><!-- wp:paragraph --><\/p>\n<section class=\"elementor-section elementor-top-section elementor-element elementor-element-8bd5099 elementor-section-boxed elementor-section-height-default elementor-section-height-default jet-parallax-section\" data-id=\"8bd5099\" data-element_type=\"section\" data-settings=\"{&quot;jet_parallax_layout_list&quot;:[{&quot;jet_parallax_layout_image&quot;:{&quot;url&quot;:&quot;&quot;,&quot;id&quot;:&quot;&quot;,&quot;size&quot;:&quot;&quot;},&quot;_id&quot;:&quot;d637bc1&quot;,&quot;jet_parallax_layout_image_tablet&quot;:{&quot;url&quot;:&quot;&quot;,&quot;id&quot;:&quot;&quot;,&quot;size&quot;:&quot;&quot;},&quot;jet_parallax_layout_image_mobile&quot;:{&quot;url&quot;:&quot;&quot;,&quot;id&quot;:&quot;&quot;,&quot;size&quot;:&quot;&quot;},&quot;jet_parallax_layout_speed&quot;:{&quot;unit&quot;:&quot;%&quot;,&quot;size&quot;:50,&quot;sizes&quot;:[]},&quot;jet_parallax_layout_type&quot;:&quot;scroll&quot;,&quot;jet_parallax_layout_direction&quot;:null,&quot;jet_parallax_layout_fx_direction&quot;:null,&quot;jet_parallax_layout_z_index&quot;:&quot;&quot;,&quot;jet_parallax_layout_bg_x&quot;:50,&quot;jet_parallax_layout_bg_x_tablet&quot;:&quot;&quot;,&quot;jet_parallax_layout_bg_x_mobile&quot;:&quot;&quot;,&quot;jet_parallax_layout_bg_y&quot;:50,&quot;jet_parallax_layout_bg_y_tablet&quot;:&quot;&quot;,&quot;jet_parallax_layout_bg_y_mobile&quot;:&quot;&quot;,&quot;jet_parallax_layout_bg_size&quot;:&quot;auto&quot;,&quot;jet_parallax_layout_bg_size_tablet&quot;:&quot;&quot;,&quot;jet_parallax_layout_bg_size_mobile&quot;:&quot;&quot;,&quot;jet_parallax_layout_animation_prop&quot;:&quot;transform&quot;,&quot;jet_parallax_layout_on&quot;:[&quot;desktop&quot;,&quot;tablet&quot;]}]}\">\n<div class=\"elementor-container elementor-column-gap-default\">\n<div class=\"elementor-column elementor-col-100 elementor-top-column elementor-element elementor-element-53d91b2\" data-id=\"53d91b2\" data-element_type=\"column\">\n<div class=\"elementor-widget-wrap elementor-element-populated\">\n<div class=\"elementor-element elementor-element-7e1fd04 elementor-widget elementor-widget-text-editor\" data-id=\"7e1fd04\" data-element_type=\"widget\" data-widget_type=\"text-editor.default\">\n<div class=\"elementor-widget-container\">\n<p><b>Offenlegung und Nutzungshinweis gem\u00e4\u00df \u00a7 25 des Mediengesetzes<\/b><\/p>\n<p><strong>P\u00e4dagogische Hochschule Wien<\/strong><br \/>Grenzackerstra\u00dfe 18, 1100 Wien<br \/>Telefon: +43 1 601 18\u00a0<\/p>\n<p>\u00a9 P\u00e4dagogische Hochschule Wien 2023<\/p>\n<\/div>\n<\/div>\n<div class=\"elementor-element elementor-element-25ea9b5 elementor-widget elementor-widget-text-editor\" data-id=\"25ea9b5\" data-element_type=\"widget\" data-widget_type=\"text-editor.default\">\n<div class=\"elementor-widget-container\">\n<p>Grunds\u00e4tzlich ist die Wiedergabe und Nutzung mit Quellenangabe gestattet, jedoch mit Vorbehalt anderslautender Bestimmungen. Sofern Nutzungseinschr\u00e4nkungen vorliegen, wird ausdr\u00fccklich darauf hingewiesen.<\/p>\n<p>Aus Gr\u00fcnden der Web-Accessibility (z. B. Optimierung f\u00fcr Screenreader) wird auf der Website der P\u00e4dagogischen Hochschule Wien in einzelnen Teilbereichen auf geschlechtergerechte Formulierungen (z. B. bei der Darstellung akademischer Grade) verzichtet. So soll ein breiter Zugang der Website auch mit gest\u00fctzter Kommunikation sichergestellt werden. In allen weiteren Publikationen der P\u00e4dagogischen Hochschule Wien finden gendergerechte Formulierungen durchg\u00e4ngig Anwendung.<\/p>\n<\/div>\n<\/div>\n<div class=\"elementor-element elementor-element-ab6f2e5 elementor-widget elementor-widget-heading\" data-id=\"ab6f2e5\" data-element_type=\"widget\" data-widget_type=\"heading.default\">\n<div class=\"elementor-widget-container\">\n<h3 class=\"elementor-heading-title elementor-size-default\">Nutzungsbestimmungen<\/h3>\n<\/div>\n<\/div>\n<div class=\"elementor-element elementor-element-1bfabba elementor-widget elementor-widget-text-editor\" data-id=\"1bfabba\" data-element_type=\"widget\" data-widget_type=\"text-editor.default\">\n<div class=\"elementor-widget-container\">\n<p><strong>1. Haftungsausschluss<\/strong><\/p>\n<p>Die P\u00e4dagogische Hochschule Wien \u00fcbernimmt keinerlei Gew\u00e4hrleistung\/Haftung f\u00fcr die Richtigkeit, Vollst\u00e4ndigkeit und Aktualit\u00e4t der Informationen, Services und dergleichen. Es wird ausdr\u00fccklich darauf hingewiesen, dass aus der Verwendung der Informationen keinerlei Rechtsanspr\u00fcche entstehen. Auch f\u00fcr etwaige Downloads, sei es in Form von Formularen oder \u00e4hnlichem, sowie angegebenen Links \u00fcbernimmt die P\u00e4dagogische Hochschule Wien keinerlei Haftung\/Gew\u00e4hrleistung in Bezug auf Aktualit\u00e4t, Vollst\u00e4ndigkeit und Richtigkeit und zwar hinsichtlich des Inhalts. Wir sind bem\u00fcht, Probleme und St\u00f6rungen so gering wie m\u00f6glich zu halten und weisen ausdr\u00fccklich darauf hin, dass bei St\u00f6rungen oder anderen Dienstunterbrechungen keinerlei Haftung von Seiten der P\u00e4dagogischen Hochschule Wien \u00fcbernommen wird.<\/p>\n<p><strong>2. Geistiges Eigentum<\/strong><\/p>\n<p>S\u00e4mtliche Inhalte und Layouts sind urheberrechtlich gesch\u00fctzt und alle Rechte bleiben dem\/der RechtsinhaberIn vorbehalten. \u00c4nderungen d\u00fcrfen nicht vorgenommen werden.<\/p>\n<p><strong>3. Benutzung &amp; Bildnachweis<\/strong><\/p>\n<p>F\u00fcr die Benutzung der Website sowie deren Nutzung von Informationen und Services kommt ausschlie\u00dflich die Anwendung von \u00f6sterreichischem Recht in Betracht.<\/p>\n<p>Bei der Verwendung von Fotos, Bildern und \u00c4hnlichem weisen wir auf das Copyright der Fotografin\/des Fotografen sowie die verbindliche namentliche Nennung derselben hin. Der Abdruck sowie die Vervielf\u00e4ltigung ist grunds\u00e4tzlich honorarfrei. Wir weisen ausdr\u00fccklich darauf hin, dass die Nennung der P\u00e4dagogischen Hochschule Wien verpflichtend ist.<\/p>\n<p>Kommt es zu einer Anwendung bzw. zu einem Erscheinen der Beitr\u00e4ge, erlauben wir uns 2 Belegexemplar davon einzufordern. Diese sind an folgende Adresse zu \u00fcbermitteln:<\/p>\n<p>P\u00e4dagogische Hochschule Wien<br \/>Grenzackerstra\u00dfe 18, 1100 Wien<\/p>\n<\/div>\n<\/div>\n<\/div>\n<\/div>\n<\/div>\n<\/section>\n<section class=\"elementor-section elementor-top-section elementor-element elementor-element-925f843 elementor-section-boxed elementor-section-height-default elementor-section-height-default\" data-id=\"925f843\" data-element_type=\"section\" data-settings=\"{&quot;jet_parallax_layout_list&quot;:[]}\">\n<div class=\"elementor-container elementor-column-gap-default\">\n<div class=\"elementor-column elementor-col-100 elementor-top-column elementor-element elementor-element-3f8c2d8\" data-id=\"3f8c2d8\" data-element_type=\"column\">\n<div class=\"elementor-widget-wrap elementor-element-populated\">\n<div class=\"elementor-element elementor-element-28abb01 elementor-widget elementor-widget-heading\" data-id=\"28abb01\" data-element_type=\"widget\" data-widget_type=\"heading.default\">\n<div class=\"elementor-widget-container\">\n<h1 class=\"elementor-heading-title elementor-size-default\">Imprint<\/h1>\n<\/div>\n<\/div>\n<div class=\"elementor-element elementor-element-a2d4f5e elementor-widget elementor-widget-text-editor\" data-id=\"a2d4f5e\" data-element_type=\"widget\" data-widget_type=\"text-editor.default\">\n<div class=\"elementor-widget-container\">\n<p><strong>Disclosure and Terms of Use in accordance with \u00a7 25 of the Mediengesetz<\/strong><\/p>\n<p><strong>P\u00e4dagogische Hochschule Wien<\/strong><br \/>Grenzackerstra\u00dfe 18,<br \/>1100 Wien<br \/>Telephone: +43 1 601 18<\/p>\n<p>\u00a9 P\u00e4dagogische Hochschule Wien 2023<\/p>\n<p>Fundamentally, reproduction and use is permitted with source citation, however with reservation of contrary provision by the user\/reproducer. Provided that usage restrictions are present, they will be clearly indicated.<\/p>\n<p>For web-accessibility reasons (e.g. optimisation for screen readers), the website of the University College of Teacher Education Vienna refrains from gender neutral phrasing and terminology (e.g. in the presentation of academic degrees) in individual sections. Thus inclusive access to the website should also be ensured via supported communication. Gender neutral phrasing and terminology are employed throughout all other publications of the University College of Teacher Education Vienna.<\/p>\n<\/div>\n<\/div>\n<div class=\"elementor-element elementor-element-d2f0761 elementor-widget elementor-widget-text-editor\" data-id=\"d2f0761\" data-element_type=\"widget\" data-widget_type=\"text-editor.default\">\n<div class=\"elementor-widget-container\">\n<p><strong>1. Disclaimer<\/strong><\/p>\n<p>The University College of Teacher Education Vienna accepts no responsibility\/liability for the accuracy, the completeness, and the actuality of information, services, and the like. It is clearly pointed out that the use of this information does not give rise to any legal claims. Also, in regards to the accuracy, the completeness, and the actuality in terms of content of any download made from the website of the University College of Teacher Education Vienna, be it in the form of a document, or a hyperlink, the University College of Teacher Education Vienna accepts no responsibility\/liability. We strive to minimalize problems, such as disruptions to services, and in the event of any such interruption the University College of Teacher Education Vienna assumes no responsibility\/liability whatsoever.<br \/>\u00a0<\/p>\n<p><strong>2. Intellectual Property<\/strong><\/p>\n<p>All contents and layouts are protected by copyright and all rights are reserved to the rights owner. Alterations may not be made.<br \/>\u00a0<\/p>\n<p><strong>3. Use &amp; Image Credits<\/strong><\/p>\n<p>The use of the website, alongside its information and services are subject exclusively to the application of Austrian law.<\/p>\n<p>When using images we exhibit the copyright of the photographer and its legally binding name. The reprinting and duplication of images is free of charge. We explicitly point out that the citation of the University College of Teacher Education Vienna is obligatory.<\/p>\n<p>In the event of use, for example a publication of the contributors, we would require 2 specimen copies of this. These are to be sent to the following address:<\/p>\n<p>University College of Teacher Education Vienna<br \/>Grenzackerstra\u00dfe 18, 1100 Wien<\/p>\n<\/div>\n<\/div>\n<\/div>\n<\/div>\n<\/div>\n<\/section>\n<section class=\"elementor-section elementor-top-section elementor-element elementor-element-c2a3717 elementor-section-boxed elementor-section-height-default elementor-section-height-default\" data-id=\"c2a3717\" data-element_type=\"section\" data-settings=\"{&quot;jet_parallax_layout_list&quot;:[]}\">\n<div class=\"elementor-container elementor-column-gap-default\">\n<div class=\"elementor-column elementor-col-100 elementor-top-column elementor-element elementor-element-6173445\" data-id=\"6173445\" data-element_type=\"column\">\n<div class=\"elementor-widget-wrap elementor-element-populated\">\n<div class=\"elementor-element elementor-element-a727547 elementor-widget elementor-widget-heading\" data-id=\"a727547\" data-element_type=\"widget\" data-widget_type=\"heading.default\">\n<div class=\"elementor-widget-container\">\n<h3 class=\"elementor-heading-title elementor-size-default\">Webmaster<\/h3>\n<\/div>\n<\/div>\n<div class=\"elementor-element elementor-element-e5e155a elementor-widget elementor-widget-text-editor\" data-id=\"e5e155a\" data-element_type=\"widget\" data-widget_type=\"text-editor.default\">\n<div class=\"elementor-widget-container\">\n<p><a href=\"mailto:webmaster%40phwien.ac.at\">webmaster(at)phwien.ac.at<\/a><\/p>\n<\/div>\n<\/div>\n<\/div>\n<\/div>\n<\/div>\n<\/section>\n<p><!-- \/wp:paragraph --><\/p>\t\t\t\t\t\t<\/div>\n\t\t\t\t<\/div>\n\t\t\t\t<\/div>\n\t\t<div class=\"elementor-element elementor-element-6d4c8ee e-con-full e-flex e-con\" data-id=\"6d4c8ee\" data-element_type=\"container\" data-settings=\"{&quot;content_width&quot;:&quot;full&quot;}\">\n\t\t<div class=\"elementor-element elementor-element-09418e9 e-flex e-con-boxed e-con\" data-id=\"09418e9\" data-element_type=\"container\" data-settings=\"{&quot;content_width&quot;:&quot;boxed&quot;}\">\n\t\t\t\t\t<div class=\"e-con-inner\">\n\t\t\t\t<div class=\"elementor-element elementor-element-0af0031 elementor-widget elementor-widget-heading\" data-id=\"0af0031\" data-element_type=\"widget\" data-widget_type=\"heading.default\">\n\t\t\t\t<div class=\"elementor-widget-container\">\n\t\t\t<h3 class=\"elementor-heading-title elementor-size-default\">Pre-Conference<\/h3>\t\t<\/div>\n\t\t\t\t<\/div>\n\t\t\t\t<div class=\"elementor-element elementor-element-cdd31d3 elementor-widget elementor-widget-text-editor\" data-id=\"cdd31d3\" data-element_type=\"widget\" data-widget_type=\"text-editor.default\">\n\t\t\t\t<div class=\"elementor-widget-container\">\n\t\t\t\t\t\t\t<p><span style=\"color: #000000;\"><strong>24. September 2024<\/strong><\/span><\/p>\t\t\t\t\t\t<\/div>\n\t\t\t\t<\/div>\n\t\t\t\t<div class=\"elementor-element elementor-element-56ad128 elementor-align-center elementor-widget elementor-widget-button\" data-id=\"56ad128\" data-element_type=\"widget\" data-widget_type=\"button.default\">\n\t\t\t\t<div class=\"elementor-widget-container\">\n\t\t\t\t\t<div class=\"elementor-button-wrapper\">\n\t\t\t<a class=\"elementor-button elementor-button-link elementor-size-sm\" href=\"https:\/\/oefeb2024.phwien.ac.at\/index.php\/startseite\/emerging-researcher\/\" target=\"_blank\">\n\t\t\t\t\t\t<span class=\"elementor-button-content-wrapper\">\n\t\t\t\t\t\t<span class=\"elementor-button-text\">INFORMATIONEN<\/span>\n\t\t<\/span>\n\t\t\t\t\t<\/a>\n\t\t<\/div>\n\t\t\t\t<\/div>\n\t\t\t\t<\/div>\n\t\t\t\t\t<\/div>\n\t\t\t\t<\/div>\n\t\t<div class=\"elementor-element elementor-element-20ddc82 e-flex e-con-boxed e-con\" data-id=\"20ddc82\" data-element_type=\"container\" data-settings=\"{&quot;content_width&quot;:&quot;boxed&quot;}\">\n\t\t\t\t\t<div class=\"e-con-inner\">\n\t\t\t\t<div class=\"elementor-element elementor-element-82dddae elementor-widget elementor-widget-heading\" data-id=\"82dddae\" data-element_type=\"widget\" data-widget_type=\"heading.default\">\n\t\t\t\t<div class=\"elementor-widget-container\">\n\t\t\t<h3 class=\"elementor-heading-title elementor-size-default\">Kongress<\/h3>\t\t<\/div>\n\t\t\t\t<\/div>\n\t\t\t\t<div class=\"elementor-element elementor-element-4ebbd48 elementor-widget elementor-widget-text-editor\" data-id=\"4ebbd48\" data-element_type=\"widget\" data-widget_type=\"text-editor.default\">\n\t\t\t\t<div class=\"elementor-widget-container\">\n\t\t\t\t\t\t\t<p><span style=\"color: #000000;\"><strong>24. &#8211; 27. September 2024<\/strong><\/span><\/p>\t\t\t\t\t\t<\/div>\n\t\t\t\t<\/div>\n\t\t\t\t<div class=\"elementor-element elementor-element-4269fd0 elementor-align-center elementor-widget elementor-widget-button\" data-id=\"4269fd0\" data-element_type=\"widget\" data-widget_type=\"button.default\">\n\t\t\t\t<div class=\"elementor-widget-container\">\n\t\t\t\t\t<div class=\"elementor-button-wrapper\">\n\t\t\t<a class=\"elementor-button elementor-button-link elementor-size-sm\" href=\"https:\/\/oefeb2024.phwien.ac.at\/index.php\/startseite\/anmeldung\/\" target=\"_blank\">\n\t\t\t\t\t\t<span class=\"elementor-button-content-wrapper\">\n\t\t\t\t\t\t<span class=\"elementor-button-text\">INFORMATIONEN<\/span>\n\t\t<\/span>\n\t\t\t\t\t<\/a>\n\t\t<\/div>\n\t\t\t\t<\/div>\n\t\t\t\t<\/div>\n\t\t\t\t\t<\/div>\n\t\t\t\t<\/div>\n\t\t\t\t<div class=\"elementor-element elementor-element-325385e elementor-nav-menu__align-center elementor-nav-menu__text-align-center elementor-nav-menu--dropdown-tablet elementor-widget elementor-widget-nav-menu\" data-id=\"325385e\" data-element_type=\"widget\" data-settings=\"{&quot;layout&quot;:&quot;vertical&quot;,&quot;submenu_icon&quot;:{&quot;value&quot;:&quot;&lt;i class=\\&quot;\\&quot;&gt;&lt;\\\/i&gt;&quot;,&quot;library&quot;:&quot;&quot;},&quot;_animation&quot;:&quot;none&quot;}\" data-widget_type=\"nav-menu.default\">\n\t\t\t\t<div class=\"elementor-widget-container\">\n\t\t\t<link rel=\"stylesheet\" href=\"https:\/\/oefeb2024.phwien.ac.at\/wp-content\/plugins\/elementor-pro\/assets\/css\/widget-nav-menu.min.css\">\t\t\t<nav class=\"elementor-nav-menu--main elementor-nav-menu__container elementor-nav-menu--layout-vertical e--pointer-framed e--animation-fade\">\n\t\t\t\t<ul id=\"menu-1-325385e\" class=\"elementor-nav-menu sm-vertical\"><li class=\"menu-item menu-item-type-post_type menu-item-object-page menu-item-2401\"><a href=\"https:\/\/oefeb2024.phwien.ac.at\/index.php\/startseite\/info\/\" class=\"elementor-item\">Information<\/a><\/li>\n<li class=\"menu-item menu-item-type-post_type menu-item-object-page menu-item-2381\"><a href=\"https:\/\/oefeb2024.phwien.ac.at\/index.php\/startseite\/anmeldung\/anreise\/\" class=\"elementor-item\">Anreise<\/a><\/li>\n<li class=\"menu-item menu-item-type-post_type menu-item-object-page menu-item-2380\"><a href=\"https:\/\/oefeb2024.phwien.ac.at\/index.php\/startseite\/anmeldung\/hotelempfehlungen\/\" class=\"elementor-item\">Hotelempfehlungen<\/a><\/li>\n<li class=\"menu-item menu-item-type-post_type menu-item-object-page menu-item-2383\"><a href=\"https:\/\/oefeb2024.phwien.ac.at\/index.php\/startseite\/kontakt\/\" class=\"elementor-item\">Kontakt<\/a><\/li>\n<li class=\"menu-item menu-item-type-post_type menu-item-object-page menu-item-2382\"><a href=\"https:\/\/oefeb2024.phwien.ac.at\/index.php\/startseite\/impressum\/\" class=\"elementor-item\">Impressum<\/a><\/li>\n<li class=\"menu-item menu-item-type-post_type menu-item-object-page menu-item-2385\"><a href=\"https:\/\/oefeb2024.phwien.ac.at\/index.php\/startseite\/impressum\/datenschutzerklaerung\/\" class=\"elementor-item\">Datenschutz<\/a><\/li>\n<\/ul>\t\t\t<\/nav>\n\t\t\t\t\t\t<nav class=\"elementor-nav-menu--dropdown elementor-nav-menu__container\" aria-hidden=\"true\">\n\t\t\t\t<ul id=\"menu-2-325385e\" class=\"elementor-nav-menu sm-vertical\"><li class=\"menu-item menu-item-type-post_type menu-item-object-page menu-item-2401\"><a href=\"https:\/\/oefeb2024.phwien.ac.at\/index.php\/startseite\/info\/\" class=\"elementor-item\" tabindex=\"-1\">Information<\/a><\/li>\n<li class=\"menu-item menu-item-type-post_type menu-item-object-page menu-item-2381\"><a href=\"https:\/\/oefeb2024.phwien.ac.at\/index.php\/startseite\/anmeldung\/anreise\/\" class=\"elementor-item\" tabindex=\"-1\">Anreise<\/a><\/li>\n<li class=\"menu-item menu-item-type-post_type menu-item-object-page menu-item-2380\"><a href=\"https:\/\/oefeb2024.phwien.ac.at\/index.php\/startseite\/anmeldung\/hotelempfehlungen\/\" class=\"elementor-item\" tabindex=\"-1\">Hotelempfehlungen<\/a><\/li>\n<li class=\"menu-item menu-item-type-post_type menu-item-object-page menu-item-2383\"><a href=\"https:\/\/oefeb2024.phwien.ac.at\/index.php\/startseite\/kontakt\/\" class=\"elementor-item\" tabindex=\"-1\">Kontakt<\/a><\/li>\n<li class=\"menu-item menu-item-type-post_type menu-item-object-page menu-item-2382\"><a href=\"https:\/\/oefeb2024.phwien.ac.at\/index.php\/startseite\/impressum\/\" class=\"elementor-item\" tabindex=\"-1\">Impressum<\/a><\/li>\n<li class=\"menu-item menu-item-type-post_type menu-item-object-page menu-item-2385\"><a href=\"https:\/\/oefeb2024.phwien.ac.at\/index.php\/startseite\/impressum\/datenschutzerklaerung\/\" class=\"elementor-item\" tabindex=\"-1\">Datenschutz<\/a><\/li>\n<\/ul>\t\t\t<\/nav>\n\t\t\t\t<\/div>\n\t\t\t\t<\/div>\n\t\t\t\t<\/div>\n\t\t\t\t\t<\/div>\n\t\t\t\t<\/div>\n\t\t\t\t\t\t\t<\/div>\n\t\t","protected":false},"excerpt":{"rendered":"<p>Impressum Offenlegung und Nutzungshinweis gem\u00e4\u00df \u00a7 25 des Mediengesetzes P\u00e4dagogische Hochschule WienGrenzackerstra\u00dfe 18, 1100 WienTelefon: +43 1 601 18\u00a0 \u00a9 P\u00e4dagogische Hochschule Wien 2023 Grunds\u00e4tzlich ist die Wiedergabe und Nutzung mit Quellenangabe gestattet, jedoch mit Vorbehalt anderslautender Bestimmungen. Sofern Nutzungseinschr\u00e4nkungen vorliegen, wird ausdr\u00fccklich darauf hingewiesen. Aus Gr\u00fcnden der Web-Accessibility (z. B. Optimierung f\u00fcr Screenreader) wird<span class=\"post-excerpt-end\">&hellip;<\/span><\/p>\n<p class=\"more-link\"><a href=\"https:\/\/oefeb2024.phwien.ac.at\/index.php\/startseite\/impressum\/\" class=\"themebutton\">Read More<\/a><\/p>\n","protected":false},"author":1,"featured_media":0,"parent":12,"menu_order":0,"comment_status":"closed","ping_status":"closed","template":"","meta":{"footnotes":""},"class_list":["post-79","page","type-page","status-publish","hentry"],"_links":{"self":[{"href":"https:\/\/oefeb2024.phwien.ac.at\/index.php\/wp-json\/wp\/v2\/pages\/79","targetHints":{"allow":["GET"]}}],"collection":[{"href":"https:\/\/oefeb2024.phwien.ac.at\/index.php\/wp-json\/wp\/v2\/pages"}],"about":[{"href":"https:\/\/oefeb2024.phwien.ac.at\/index.php\/wp-json\/wp\/v2\/types\/page"}],"author":[{"embeddable":true,"href":"https:\/\/oefeb2024.phwien.ac.at\/index.php\/wp-json\/wp\/v2\/users\/1"}],"replies":[{"embeddable":true,"href":"https:\/\/oefeb2024.phwien.ac.at\/index.php\/wp-json\/wp\/v2\/comments?post=79"}],"version-history":[{"count":75,"href":"https:\/\/oefeb2024.phwien.ac.at\/index.php\/wp-json\/wp\/v2\/pages\/79\/revisions"}],"predecessor-version":[{"id":2562,"href":"https:\/\/oefeb2024.phwien.ac.at\/index.php\/wp-json\/wp\/v2\/pages\/79\/revisions\/2562"}],"up":[{"embeddable":true,"href":"https:\/\/oefeb2024.phwien.ac.at\/index.php\/wp-json\/wp\/v2\/pages\/12"}],"wp:attachment":[{"href":"https:\/\/oefeb2024.phwien.ac.at\/index.php\/wp-json\/wp\/v2\/media?parent=79"}],"curies":[{"name":"wp","href":"https:\/\/api.w.org\/{rel}","templated":true}]}}